
7
Suppose 18522 = 23*w + 4*w. What is the hundreds digit of w?
6
Let v(r) = 6*r - 2 - 2 + 2. Suppose 0 = -9*g + 53 - 8. What is the tens digit of v(g)?
2
Let w(h) = 2*h**2 - 11*h + 9. Let r be w(8). Let t(v) = -v**3 - v + 83. Let j be t(0). Let q = j - r. What is the tens digit of q?
3
Let z = -4 - -7. Suppose -2*v = -4*n - 18, -2*v + z = n - 0. Suppose v*a = 2*a + 66. What is the units digit of a?
6
Suppose 11 = 4*q - 9, 4*l - 5*q - 1127 = 0. What is the hundreds digit of l?
2
Let n(r) = 48 + 4*r + r + r - 8*r. What is the units digit of n(21)?
6
Let d = -120 - -113. What is the units digit of (-4)/28 - 1156/d?
5
Let z be (8 - 12)*(-1 + 0). Suppose -3*u - 2*d = 1, z*d + 29 = 9. Suppose c = u*c - 58. What is the tens digit of c?
2
Let p be 10/3 + (-4)/12. Suppose -4*i + 5*a = -p - 17, 2*a - 38 = -3*i. What is the units digit of i?
0
Suppose 100 - 1547 = -s + 5*g, 3*g = -4*s + 5857. What is the hundreds digit of s?
4
Let v = 765 - 708. What is the tens digit of v?
5
Let j = 22 - 19. Suppose j*k = -3*v + 174, -2*v + 3*k + 116 = 4*k. What is the units digit of v?
8
Suppose 15*i - 10*i - 10165 = 0. What is the hundreds digit of i?
0
Suppose -170*b + 160*b = -790. What is the units digit of b?
9
Suppose -70*m + 103*m = 215490. What is the units digit of m?
0
Let f(j) = -j**2 - 17*j - 40. Let b be f(-13). What is the hundreds digit of 144 - (-7)/((-21)/b)?
1
Let q = -425 + 636. What is the units digit of q?
1
Let d = 3433 - 1874. What is the thousands digit of d?
1
Let j(y) = y**3 - 7*y**2 - 26*y - 47. What is the units digit of j(12)?
1
Let r be (-2)/(-8) + (-38)/(-8). Suppose 4*p - 10 = -2. Suppose p*m = r*m - 39. What is the tens digit of m?
1
Let a be (0/(-9))/(1 + -2). Suppose 3*t + t - 16 = a. What is the units digit of (-5)/10 - (-102)/t?
5
Let y be (0 - 20/4)*11. What is the units digit of -1 - (-4 + 1) - y?
7
Let p(d) = -3*d**2 + 8*d + 19. Let x be p(-9). Let w = -161 - x. What is the hundreds digit of w?
1
Suppose 3*z + d = 149, -2*d - d = -5*z + 253. What is the units digit of z?
0
Let n = 123 - -210. What is the hundreds digit of n?
3
What is the tens digit of (-1 - -815) + 1/(7/(-14))?
1
Let u(r) = r**3 + r**2 - r + 1. Let x(w) = 6*w**3 + 6*w**2 - 5*w - 80. Let t(s) = 5*u(s) - x(s). What is the units digit of t(0)?
5
What is the hundreds digit of (3*-41 + 0)/(4/(-40))?
2
Let b = -69 + 109. Let s = b - 15. What is the tens digit of s?
2
Let v(i) = 4*i - 5. Let o be v(2). Suppose o*l - 120 = -l. Suppose -4*k + 5*k - l = 0. What is the units digit of k?
0
Let k = 22 - -44. Let t be (-2)/5 - k/(-15). Suppose -32 = -2*f - t*s, -5*s + 36 = 2*f + 3. What is the tens digit of f?
1
Suppose -1 = u - 5. Suppose l - 67 = -5*y, 4 = -2*l + u*l. Let z = y - 3. What is the units digit of z?
0
Let c(x) = -x**3 + 8*x**2 - 3*x + 14. Let o be c(7). Suppose -3*n = -189 + o. What is the units digit of n?
9
Suppose -2*x - 11 = 13. Let j = x - -15. Suppose 5*s - 330 = 5*o, 274 = s + j*s - 2*o. What is the tens digit of s?
7
Let q be 5 + (-1 - 1) + 3. Let r = 13 - q. Let h(t) = -t**3 + 6*t**2 + 9*t + 1. What is the tens digit of h(r)?
1
Suppose -4*j = -5*p - 35, p - 5*p - 17 = -j. What is the tens digit of ((-567)/(-14))/(p/(-4))?
5
Let v(q) = 111*q**2 + 35*q - 176. What is the tens digit of v(5)?
7
What is the units digit of (-22)/6 + 5/(-15) + 21?
7
Suppose 28 + 0 = 4*d. Let w(u) be the first derivative of u**4/4 - 7*u**3/3 + u**2 - 7*u - 4. What is the units digit of w(d)?
7
Suppose 27 = 5*n + 4*z, -2*n - 2*n = z - 15. Suppose -n*u = -4*b + 539, 399 = 3*b - 7*u + 3*u. What is the hundreds digit of b?
1
Let a(c) = c**3 + 10*c**2 - 7*c + 1. Let z be a(-9). Let t = z - 93. What is the tens digit of t?
5
Suppose 4*o + 3*y = 21 + 7, 3*y - 12 = 0. Suppose 5*h - o*s = 862, 4*h - 117 - 573 = 3*s. What is the units digit of h?
4
Suppose -3*z = -2*q + 10, 12 = q - 0*z - 5*z. Let w(v) = -q + v**2 + 0*v**2 + 0 + v - 5. What is the tens digit of w(-6)?
2
Let q(x) = 538*x + 258. What is the thousands digit of q(8)?
4
Let j(b) = -b**3 + 8*b**2 + 6*b - 4. Let g be j(9). Let n = g - -13. Let x = n + 45. What is the units digit of x?
7
What is the hundreds digit of ((-11370)/(-12) - 6) + (-6)/(-4)?
9
Let v(k) = k + 48. Let y(h) = -h + 1. Let n(z) = v(z) - 2*y(z). What is the units digit of n(-15)?
1
Let g(j) = -j**3 - 5*j**2 + j + 3. Let p be g(-5). What is the units digit of 1/(-2)*p + (-296)/(-8)?
8
Let w = 2 - 0. Let n be w/3*6/2. Suppose -n*i + 23 = -43. What is the tens digit of i?
3
Suppose 12 = 4*n, 3*k = 5*n - 0*n - 9. Suppose x + 252 = 2*y - k*x, -x - 371 = -3*y. Suppose -45 = -3*c + y. What is the tens digit of c?
5
Suppose -2*b + 923 = 37. What is the tens digit of b?
4
Suppose 4 = 5*v - 6. Suppose -4*a + 3*b + 53 = -3*a, 3*b + 91 = v*a. What is the tens digit of a?
3
Let d(k) = 3*k**2 - 9*k + 6. Suppose -43 - 5 = -16*p. What is the units digit of d(p)?
6
Let n(q) = 12*q**3 + 10*q + 3. Let v(u) = -18*u**3 - 16*u - 5. Let d(z) = -8*n(z) - 5*v(z). Let t = -3 + 2. What is the units digit of d(t)?
7
Suppose -d + 51 = 2*d. Let a = -9 + d. Suppose 4*r + a = 2*k + 98, r - 4*k = 19. What is the units digit of r?
3
Let z = -8 + 185. What is the tens digit of z?
7
Let k be 0/(-5 - 15/(-5)). Suppose k = 4*z + 2*l - 162, -z = -5*l - 11 - 35. What is the units digit of z?
1
Suppose 0 = 190*p - 182*p - 16368. What is the tens digit of p?
4
Let m = 12 - 25. Let a = m + 15. What is the units digit of (3 - (-1 - -1)) + a?
5
Suppose 2 = 5*a - 3*v, 4*a - 9 = -4*v - v. Suppose -f - 9 = -a. What is the units digit of (-12)/f + (-6)/(-4)?
3
Suppose -658*v - 2290 = -659*v. What is the tens digit of v?
9
Let r be (-18)/(-15)*(-30)/(-4). Let l be 3 - (r/(-3) - -1). Suppose l*z + 33 = 408. What is the tens digit of z?
7
Suppose -6 = -b + 4*f - 0, 2*f - 6 = -4*b. Suppose 8 = -b*h + 20. Suppose h*q = 4*q + 124. What is the units digit of q?
2
Let m(t) = t**3 + 7*t**2. Let j be m(-7). Suppose c - 5*c + 168 = j. Let g = -14 + c. What is the tens digit of g?
2
What is the hundreds digit of (1753/2)/(3 + 20/(-8))?
7
Let c(j) = -j**3 - 2*j**2 + 14*j + 15. What is the tens digit of c(-6)?
7
Let s = 340 - 62. Let c = s - 464. What is the units digit of c/(-5) - 2/10?
7
Suppose 4*n = 3 + 5. Let g be (12*n)/((-15)/15). What is the units digit of 58/8 + (-18)/g?
8
What is the tens digit of (-5)/(-2)*(-1912)/(-5)?
5
Suppose -20 = 4*n, -5*v - 3*n + 2250 = -4*n. What is the units digit of v?
9
Let f(d) = -d**3 - 7*d**2 - 9*d - 13. Let x be f(-6). Suppose 4*v - q = 292, x*v - 8*q = -6*q + 368. What is the units digit of v?
2
Let k be ((-3)/4)/(15/(-120)). Let v(r) = r**3 - 5*r**2 + 2*r - 1. What is the units digit of v(k)?
7
Suppose s = 4*p + 2006, -22*s + 27*s = -5*p + 10130. What is the hundreds digit of s?
0
Suppose -p = 5*b, p = 3*b + 6 + 26. Suppose 0 = -2*n - 2*a + 81 + 69, 0 = 5*a + p. What is the tens digit of n?
7
Let x = 615 - 195. What is the hundreds digit of x?
4
Let y = -6 + 8. Suppose y*x = -8 - 6. What is the units digit of (-1)/(((-28)/(-8))/x)?
2
Let r(u) = 3 - u**3 - 6 + 22*u**2 + 6*u + 5. What is the tens digit of r(22)?
3
Let r(j) = 14*j - 3. Let v(c) = -2*c**2 - 1 + c**3 + 1 + 2*c - 6 + 5. Let b be v(2). What is the tens digit of r(b)?
3
Let k(h) = 2*h**2 + 91*h + 1. What is the tens digit of k(22)?
7
Let h(o) = 21*o**2 - 52*o + 394. What is the thousands digit of h(17)?
5
Suppose -q = -2*q + 50. What is the hundreds digit of 20/q - 2/((-20)/2046)?
2
Let m(j) be the third derivative of j**5/15 - j**4/6 + 3*j**3/2 - 16*j**2. What is the units digit of m(5)?
9
Let s(n) = n**2 - 4*n - 2. Let g be s(-1). Suppose 0 = g*r - 7*r + 292. What is the units digit of r?
3
Let u = 114 + -75. Suppose -x - 2*w = -u, -122 = -3*x - w - 10. What is the units digit of x?
7
Suppose 2*i = 6*i - 2584. What is the hundreds digit of i?
6
Let f = 150 - -200. What is the hundreds digit of f?
3
What is the tens digit of (-15)/(-40) + -2 + (-14426)/(-16)?
0
Let n(f) = -15*f + 3. Let q(i) = -120*i + 25. Let h(z) = 25*n(z) - 3*q(z). Let d be h(-2). Suppose 4*k = -2 + d. What is the units digit of k?
7
Suppose 2*f + 7 = -3*a, 4*a + 0*a = f - 24. Suppose 0 = f*k - 0*k - 16. Suppose p - k*d = 29, 3*p - 5*p + 48 = -3*d. What is the units digit of p?
1
Let r be (4 - 10/4)*-14. Let g be (-4512)/r - (-4)/28. Suppos